{"id":75,"date":"2025-12-18T14:15:11","date_gmt":"2025-12-18T14:15:11","guid":{"rendered":"http:\/\/empose.pro\/index.php\/about\/"},"modified":"2025-12-21T18:27:19","modified_gmt":"2025-12-21T18:27:19","slug":"qui-suis-je","status":"publish","type":"page","link":"http:\/\/empose.pro\/index.php\/qui-suis-je\/","title":{"rendered":"Qui suis-je"},"content":{"rendered":"\t\t<div data-elementor-type=\"wp-page\" data-elementor-id=\"75\" class=\"elementor elementor-75\" data-elementor-post-type=\"page\">\n\t\t\t\t<div class=\"elementor-element elementor-element-3955a5bf e-con-full e-flex e-con e-parent\" data-id=\"3955a5bf\" data-element_type=\"container\" data-e-type=\"container\">\n\t\t<div class=\"elementor-element elementor-element-30a7a67a e-con-full e-flex e-con e-child\" data-id=\"30a7a67a\" data-element_type=\"container\" data-e-type=\"container\">\n\t\t\t\t<div class=\"elementor-element elementor-element-aa62667 elementor-widget elementor-widget-image\" data-id=\"aa62667\" data-element_type=\"widget\" data-e-type=\"widget\" data-widget_type=\"image.default\">\n\t\t\t\t\t\t\t\t\t\t\t\t\t\t\t<img fetchpriority=\"high\" decoding=\"async\" width=\"800\" height=\"741\" src=\"https:\/\/empose.pro\/wp-content\/uploads\/2025\/12\/melisa1.png\" class=\"attachment-full size-full wp-image-148\" alt=\"\" srcset=\"https:\/\/empose.pro\/wp-content\/uploads\/2025\/12\/melisa1.png 800w, https:\/\/empose.pro\/wp-content\/uploads\/2025\/12\/melisa1-300x278.png 300w, https:\/\/empose.pro\/wp-content\/uploads\/2025\/12\/melisa1-768x711.png 768w\" sizes=\"(max-width: 800px) 100vw, 800px\" \/>\t\t\t\t\t\t\t\t\t\t\t\t\t\t\t<\/div>\n\t\t\t\t<\/div>\n\t\t<div class=\"elementor-element elementor-element-16f04646 e-con-full e-flex e-con e-child\" data-id=\"16f04646\" data-element_type=\"container\" data-e-type=\"container\">\n\t\t\t\t<div class=\"elementor-element elementor-element-72de12d elementor-widget elementor-widget-heading\" data-id=\"72de12d\" data-element_type=\"widget\" data-e-type=\"widget\" data-widget_type=\"heading.default\">\n\t\t\t\t\t<h1 class=\"elementor-heading-title elementor-size-default\">Qui<br>suis-je<\/h1>\t\t\t\t<\/div>\n\t\t\t\t<\/div>\n\t\t<div class=\"elementor-element elementor-element-4160bffd e-con-full e-flex e-con e-child\" data-id=\"4160bffd\" data-element_type=\"container\" data-e-type=\"container\">\n\t\t\t\t<div class=\"elementor-element elementor-element-26c9f857 elementor-widget elementor-widget-image\" data-id=\"26c9f857\" data-element_type=\"widget\" data-e-type=\"widget\" data-widget_type=\"image.default\">\n\t\t\t\t\t\t\t\t\t\t\t\t\t\t\t<img decoding=\"async\" width=\"800\" height=\"740\" src=\"https:\/\/empose.pro\/wp-content\/uploads\/2025\/12\/melissa-2.jpg\" class=\"attachment-full size-full wp-image-193\" alt=\"\" srcset=\"https:\/\/empose.pro\/wp-content\/uploads\/2025\/12\/melissa-2.jpg 800w, https:\/\/empose.pro\/wp-content\/uploads\/2025\/12\/melissa-2-300x278.jpg 300w, https:\/\/empose.pro\/wp-content\/uploads\/2025\/12\/melissa-2-768x710.jpg 768w\" sizes=\"(max-width: 800px) 100vw, 800px\" \/>\t\t\t\t\t\t\t\t\t\t\t\t\t\t\t<\/div>\n\t\t\t\t<\/div>\n\t\t\t\t<\/div>\n\t\t<div class=\"elementor-element elementor-element-402ca433 e-con-full e-flex e-con e-parent\" data-id=\"402ca433\" data-element_type=\"container\" data-e-type=\"container\">\n\t\t<div class=\"elementor-element elementor-element-4daddc44 e-con-full e-flex e-con e-child\" data-id=\"4daddc44\" data-element_type=\"container\" data-e-type=\"container\">\n\t\t\t\t<\/div>\n\t\t<div class=\"elementor-element elementor-element-25a741e4 e-con-full e-flex e-con e-child\" data-id=\"25a741e4\" data-element_type=\"container\" data-e-type=\"container\">\n\t\t\t\t<\/div>\n\t\t<div class=\"elementor-element elementor-element-4e545e35 e-con-full e-flex e-con e-child\" data-id=\"4e545e35\" data-element_type=\"container\" data-e-type=\"container\">\n\t\t\t\t<\/div>\n\t\t\t\t<\/div>\n\t\t<div class=\"elementor-element elementor-element-2ec40541 e-con-full e-flex e-con e-parent\" data-id=\"2ec40541\" data-element_type=\"container\" data-e-type=\"container\">\n\t\t<div class=\"elementor-element elementor-element-399f448d elementor-hidden-phone e-con-full e-flex e-con e-child\" data-id=\"399f448d\" data-element_type=\"container\" data-e-type=\"container\">\n\t\t\t\t<\/div>\n\t\t<div class=\"elementor-element elementor-element-71524505 e-con-full e-flex e-con e-child\" data-id=\"71524505\" data-element_type=\"container\" data-e-type=\"container\">\n\t\t\t\t<div class=\"elementor-element elementor-element-33bd67bb elementor-widget elementor-widget-heading\" data-id=\"33bd67bb\" data-element_type=\"widget\" data-e-type=\"widget\" data-widget_type=\"heading.default\">\n\t\t\t\t\t<h2 class=\"elementor-heading-title elementor-size-default\">Mon parcours<\/h2>\t\t\t\t<\/div>\n\t\t\t\t<div class=\"elementor-element elementor-element-3967f270 elementor-widget elementor-widget-text-editor\" data-id=\"3967f270\" data-element_type=\"widget\" data-e-type=\"widget\" data-widget_type=\"text-editor.default\">\n\t\t\t\t\t\t\t\t\t<p>Patiente atteinte d&rsquo;endom\u00e9triose extr\u00eamement s\u00e9v\u00e8re diagnostiqu\u00e9e apr\u00e8s 15 ans d\u2019errance m\u00e9dicale, je d\u00e9cide de suivre une formation longue en Yoga \u00e0 l&rsquo;\u00e9cole Sadhana Madrid. Les outils appris m\u2019ont accompagn\u00e9e tout au long de la maladie, que ce soit pour pr\u00e9parer les examens m\u00e9dicaux, les interventions chirurgicales, pour tenter de faire face \u00e0 la douleur chronique ou encore lors de mon parcours en procr\u00e9ation m\u00e9dicalement assist\u00e9e.<\/p><p>J\u2019ai \u00e9galement suivi diverses formations &#8211; toujours dans le domaine du Yoga &#8211; \u00e0 l&rsquo;Institut de Gasquet, o\u00f9 je me suis form\u00e9e \u00e0 la douleur pelvienne persistante avec prise en charge de l\u2019endom\u00e9triose et de la n\u00e9vralgie pudendale.\u00a0<\/p><p>Bien qu\u2019entour\u00e9e m\u00e9dicalement, ce qui m\u2019a le plus manqu\u00e9 dans ce long parcours de vie, c\u2019est le lien avec d\u2019autres patientes ainsi que la possibilit\u00e9 d\u2019\u00eatre reconnue comme malade chronique aux cons\u00e9quences parfois lourdes \u00e0 porter.<\/p><p>C\u2019est pourquoi, aujourd\u2019hui, je suis d\u00e9sireuse de vous accompagner dans les \u00e9tapes que vous traverserez.<\/p><p>Apr\u00e8s un master en Sciences du Travail obtenu sur le tard \u00e0 l\u2019Universit\u00e9 de Li\u00e8ge, j\u2019ai poursuivi mon cheminement, notamment au sein de l&rsquo;Universit\u00e9 Libre de Bruxelles (ULB) via laquelle je suis certifi\u00e9e \u00e0 la Th\u00e9rapie d\u2019Acceptation et d\u2019Engagement (ACT). Celle-ci propose une approche int\u00e9grative de l\u2019acceptation et du changement vers des actions engag\u00e9es. Nous l&rsquo;explorerons ensemble si vous le souhaitez&#8230;<\/p><p>Actuellement, je prolonge mon apprentissage dans le domaine de la Pleine Conscience \u00e0 l&rsquo;ULB.\u00a0<\/p>\t\t\t\t\t\t\t\t<\/div>\n\t\t\t\t<\/div>\n\t\t<div class=\"elementor-element elementor-element-2b0e78e elementor-hidden-phone e-con-full e-flex e-con e-child\" data-id=\"2b0e78e\" data-element_type=\"container\" data-e-type=\"container\">\n\t\t\t\t<\/div>\n\t\t\t\t<\/div>\n\t\t<div class=\"elementor-element elementor-element-30920c35 e-con-full e-flex e-con e-parent\" data-id=\"30920c35\" data-element_type=\"container\" data-e-type=\"container\">\n\t\t<div class=\"elementor-element elementor-element-56367389 e-con-full e-flex e-con e-child\" data-id=\"56367389\" data-element_type=\"container\" data-e-type=\"container\">\n\t\t\t\t<\/div>\n\t\t<div class=\"elementor-element elementor-element-60df0b04 e-con-full e-flex e-con e-child\" data-id=\"60df0b04\" data-element_type=\"container\" data-e-type=\"container\">\n\t\t\t\t<div class=\"elementor-element elementor-element-28118559 elementor-widget elementor-widget-heading\" data-id=\"28118559\" data-element_type=\"widget\" data-e-type=\"widget\" data-widget_type=\"heading.default\">\n\t\t\t\t\t<h2 class=\"elementor-heading-title elementor-size-default\">Inspirations<\/h2>\t\t\t\t<\/div>\n\t\t\t\t<\/div>\n\t\t<div class=\"elementor-element elementor-element-465e676b e-con-full e-flex e-con e-child\" data-id=\"465e676b\" data-element_type=\"container\" data-e-type=\"container\">\n\t\t\t\t<\/div>\n\t\t\t\t<\/div>\n\t\t<div class=\"elementor-element elementor-element-5eecdca5 e-con-full e-flex e-con e-parent\" data-id=\"5eecdca5\" data-element_type=\"container\" data-e-type=\"container\">\n\t\t<div class=\"elementor-element elementor-element-7071abec e-con-full e-flex e-con e-child\" data-id=\"7071abec\" data-element_type=\"container\" data-e-type=\"container\">\n\t\t\t\t<div class=\"elementor-element elementor-element-41915845 elementor-cta--skin-classic elementor-animated-content elementor-bg-transform elementor-bg-transform-zoom-in elementor-widget elementor-widget-call-to-action\" data-id=\"41915845\" data-element_type=\"widget\" data-e-type=\"widget\" data-widget_type=\"call-to-action.default\">\n\t\t\t\t\t\t\t<div class=\"elementor-cta\">\n\t\t\t\t\t\t\t<div class=\"elementor-cta__content\">\n\t\t\t\t\n\t\t\t\t\t\t\t\t\t<h4 class=\"elementor-cta__title elementor-cta__content-item elementor-content-item\">\n\t\t\t\t\t\tChristian Bobin\t\t\t\t\t<\/h4>\n\t\t\t\t\n\t\t\t\t\t\t\t\t\t<div class=\"elementor-cta__description elementor-cta__content-item elementor-content-item\">\n\t\t\t\t\t\t\"\u00catre \u00e9cout\u00e9, c'est \u00eatre remis au monde, c'est exister, c'est comme si on vous redonnait toutes les chances d'une vie neuve.\"\t\t\t\t\t<\/div>\n\t\t\t\t\n\t\t\t\t\t\t\t<\/div>\n\t\t\t\t\t\t<\/div>\n\t\t\t\t\t\t<\/div>\n\t\t\t\t<\/div>\n\t\t<div class=\"elementor-element elementor-element-6822873c e-con-full e-flex e-con e-child\" data-id=\"6822873c\" data-element_type=\"container\" data-e-type=\"container\">\n\t\t\t\t<div class=\"elementor-element elementor-element-3f9ce1bb elementor-cta--skin-classic elementor-animated-content elementor-bg-transform elementor-bg-transform-zoom-in elementor-widget elementor-widget-call-to-action\" data-id=\"3f9ce1bb\" data-element_type=\"widget\" data-e-type=\"widget\" data-widget_type=\"call-to-action.default\">\n\t\t\t\t\t\t\t<div class=\"elementor-cta\">\n\t\t\t\t\t\t\t<div class=\"elementor-cta__content\">\n\t\t\t\t\n\t\t\t\t\t\t\t\t\t<h4 class=\"elementor-cta__title elementor-cta__content-item elementor-content-item\">\n\t\t\t\t\t\tJon Kabat-Zin\t\t\t\t\t<\/h4>\n\t\t\t\t\n\t\t\t\t\t\t\t\t\t<div class=\"elementor-cta__description elementor-cta__content-item elementor-content-item\">\n\t\t\t\t\t\t\u201cGu\u00e9rir, c'est arriver \u00e0 accepter les choses telles qu'elles sont, plut\u00f4t que de s'acharner \u00e0 vouloir qu'elles soient telles qu'elles \u00e9taient, ou telles qu'elles voudraient qu'elles soient pour se sentir en s\u00e9curit\u00e9 ou pour que les choses se passent \u00e0 notre mani\u00e8re\". \t\t\t\t\t<\/div>\n\t\t\t\t\n\t\t\t\t\t\t\t<\/div>\n\t\t\t\t\t\t<\/div>\n\t\t\t\t\t\t<\/div>\n\t\t\t\t<\/div>\n\t\t<div class=\"elementor-element elementor-element-38cfc8f0 e-con-full e-flex e-con e-child\" data-id=\"38cfc8f0\" data-element_type=\"container\" data-e-type=\"container\">\n\t\t\t\t<div class=\"elementor-element elementor-element-d24bddf elementor-cta--skin-classic elementor-animated-content elementor-bg-transform elementor-bg-transform-zoom-in elementor-widget elementor-widget-call-to-action\" data-id=\"d24bddf\" data-element_type=\"widget\" data-e-type=\"widget\" data-widget_type=\"call-to-action.default\">\n\t\t\t\t\t\t\t<div class=\"elementor-cta\">\n\t\t\t\t\t\t\t<div class=\"elementor-cta__content\">\n\t\t\t\t\n\t\t\t\t\t\t\t\t\t<h4 class=\"elementor-cta__title elementor-cta__content-item elementor-content-item\">\n\t\t\t\t\t\tRuss Harris\t\t\t\t\t<\/h4>\n\t\t\t\t\n\t\t\t\t\t\t\t\t\t<div class=\"elementor-cta__description elementor-cta__content-item elementor-content-item\">\n\t\t\t\t\t\t\"Le temps change continuellement, mais peu importe qu'il soit mauvais, il ne peut en aucune mani\u00e8re \u00eatre nuisible pour le ciel. \"\t\t\t\t\t<\/div>\n\t\t\t\t\n\t\t\t\t\t\t\t<\/div>\n\t\t\t\t\t\t<\/div>\n\t\t\t\t\t\t<\/div>\n\t\t\t\t<\/div>\n\t\t\t\t<\/div>\n\t\t\t\t<\/div>\n\t\t","protected":false},"excerpt":{"rendered":"<p>Quisuis-je Mon parcours Patiente atteinte d&rsquo;endom\u00e9triose extr\u00eamement s\u00e9v\u00e8re diagnostiqu\u00e9e apr\u00e8s 15 ans d\u2019errance m\u00e9dicale, je d\u00e9cide de suivre une formation longue en Yoga \u00e0 l&rsquo;\u00e9cole Sadhana Madrid. Les outils appris m\u2019ont accompagn\u00e9e tout au long de la maladie, que ce soit pour pr\u00e9parer les examens m\u00e9dicaux, les interventions chirurgicales, pour tenter de faire face \u00e0 [&hellip;]<\/p>\n","protected":false},"author":1,"featured_media":86,"parent":0,"menu_order":0,"comment_status":"closed","ping_status":"closed","template":"elementor_header_footer","meta":{"footnotes":""},"class_list":["post-75","page","type-page","status-publish","has-post-thumbnail","hentry"],"_links":{"self":[{"href":"http:\/\/empose.pro\/index.php\/wp-json\/wp\/v2\/pages\/75","targetHints":{"allow":["GET"]}}],"collection":[{"href":"http:\/\/empose.pro\/index.php\/wp-json\/wp\/v2\/pages"}],"about":[{"href":"http:\/\/empose.pro\/index.php\/wp-json\/wp\/v2\/types\/page"}],"author":[{"embeddable":true,"href":"http:\/\/empose.pro\/index.php\/wp-json\/wp\/v2\/users\/1"}],"replies":[{"embeddable":true,"href":"http:\/\/empose.pro\/index.php\/wp-json\/wp\/v2\/comments?post=75"}],"version-history":[{"count":24,"href":"http:\/\/empose.pro\/index.php\/wp-json\/wp\/v2\/pages\/75\/revisions"}],"predecessor-version":[{"id":292,"href":"http:\/\/empose.pro\/index.php\/wp-json\/wp\/v2\/pages\/75\/revisions\/292"}],"wp:featuredmedia":[{"embeddable":true,"href":"http:\/\/empose.pro\/index.php\/wp-json\/wp\/v2\/media\/86"}],"wp:attachment":[{"href":"http:\/\/empose.pro\/index.php\/wp-json\/wp\/v2\/media?parent=75"}],"curies":[{"name":"wp","href":"https:\/\/api.w.org\/{rel}","templated":true}]}}